when 15467 is divided by 15335.
132
Calculate the remainder when 5652478 is divided by 113049.
28
What is the remainder when 34979736 is divided by 41?
12
Calculate the remainder when 40207 is divided by 1538.
219
Calculate the remainder when 264088 is divided by 1178.
216
What is the remainder when 3962597 is divided by 3086?
173
Calculate the remainder when 5182323 is divided by 1144.
3
What is the remainder when 126879 is divided by 11372?
1787
What is the remainder when 172875088 is divided by 181?
178
Calculate the remainder when 20315452 is divided by 578.
486
Calculate the remainder when 865892 is divided by 1313.
625
Calculate the remainder when 139247202 is divided by 696236.
2
Calculate the remainder when 840945 is divided by 140046.
669
What is the remainder when 43137960 is divided by 7?
5
Calculate the remainder when 1541468 is divided by 707.
208
Calculate the remainder when 47954238 is divided by 62.
28
What is the remainder when 1370589 is divided by 629?
627
What is the remainder when 39204 is divided by 3460?
1144
What is the remainder when 10236423 is divided by 1825?
1823
What is the remainder when 1115845 is divided by 10237?
12
What is the remainder when 131437 is divided by 11911?
416
What is the remainder when 91812799 is divided by 132486?
1
What is the remainder when 2758360 is divided by 2699?
2681
What is the remainder when 376767 is divided by 1838?
1815
Calculate the remainder when 46395756 is divided by 647.
33
Calculate the remainder when 2099260 is divided by 2868.
2752
Calculate the remainder when 11519094 is divided by 709.
680
What is the remainder when 1318976 is divided by 18?
8
Calculate the remainder when 77910 is divided by 76790.
1120
What is the remainder when 55694848 is divided by 125722?
2
What is the remainder when 1231078 is divided by 175840?
198
Calculate the remainder when 280860 is divided by 280817.
43
Calculate the remainder when 47893146 is divided by 1467.
1464
Calculate the remainder when 23492738 is divided by 7830840.
218
Calculate the remainder when 274318 is divided by 22817.
514
Calculate the remainder when 902609 is divided by 1684.
1669
What is the remainder when 6845372 is divided by 103?
95
Calculate the remainder when 10874697 is divided by 3624887.
36
What is the remainder when 562746 is divided by 51156?
30
Calculate the remainder when 1945571 is divided by 773.
703
Calculate the remainder when 229694 is divided by 45131.
4039
What is the remainder when 8116 is divided by 3517?
1082
What is the remainder when 4462200 is divided by 50137?
7
What is the remainder when 39483 is divided by 70?
3
What is the remainder when 7083835 is divided by 590266?
643
What is the remainder when 1037854 is divided by 1138?
1136
What is the remainder when 3322211 is divided by 6501?
200
What is the remainder when 153757 is divided by 45?
37
What is the remainder when 176620 is divided by 5846?
1240
Calculate the remainder when 3160245 is divided by 8472.
189
What is the remainder when 51898363 is divided by 6144?
6139
What is the remainder when 3014195 is divided by 1506946?
303
Calculate the remainder when 58089159 is divided by 98.
51
Calculate the remainder when 2758646 is divided by 28.
2
Calculate the remainder when 488596678 is divided by 5056.
6
Calculate the remainder when 79340 is divided by 1312.
620
Calculate the remainder when 29216 is divided by 462.
110
Calculate the remainder when 270464 is divided by 5742.
590
Calculate the remainder when 217599 is divided by 106950.
3699
Calculate the remainder when 1456756 is divided by 2273.
2036
What is the remainder when 13378361 is divided by 74?
49
What is the remainder when 516575311 is divided by 3537?
3535
Calculate the remainder when 7016 is divided by 697.
46
Calculate the remainder when 13603483 is divided by 48758.
1
What is the remainder when 13093647 is divided by 1325?
1322
Calculate the remainder when 99361699 is divided by 49680842.
15
What is the remainder when 145477 is divided by 139528?
5949
Calculate the remainder when 1559043 is divided by 519668.
39
Calculate the remainder when 22497265 is divided by 1624.
1617
What is the remainder when 7793 is divided by 1191?
647
Calculate the remainder when 33487 is divided by 16595.
297
Calculate the remainder when 1557937 is divided by 1557935.
2
Calculate the remainder when 378422 is divided by 3102.
3080
What is the remainder when 2047871 is divided by 23?
20
What is the remainder when 36734 is divided by 14232?
8270
What is the remainder when 36546 is divided by 1389?
432
What is the remainder when 356592 is divided by 805?
782
What is the remainder when 10914157 is divided by 89?
87
What is the remainder when 2586471 is divided by 120?
111
Calculate the remainder when 43382 is divided by 535.
47
Calculate the remainder when 431649369 is divided by 154.
151
Calculate the remainder when 3839089 is divided by 16911.
292
Calculate the remainder when 42164672 is divided by 14054886.
14
What is the remainder when 38691722 is divided by 154?
146
What is the remainder when 12746549 is divided by 4248848?
5
What is the remainder when 150605 is divided by 25063?
227
Calculate the remainder when 2281 is divided by 589.
514
What is the remainder when 13953873 is divided by 3506?
3499
Calculate the remainder when 36795 is divided by 123.
18
What is the remainder when 258756 is divided by 999?
15
Calculate the remainder when 836590 is divided by 2977.
53
Calculate the remainder when 31578 is divided by 106.
96
Calculate the remainder when 26222 is divided by 13080.
62
Calculate the remainder when 7586299 is divided by 172.
67
Calculate the remainder when 442075 is divided by 669.
535
Calculate the remainder when 2016742 is divided by 10183.
508
Calculate the remainder when 16322 is divided by 684.
590
What is the remainder when 2191161 is divided by 20?
1
Calculate the remainder when 36059 is divided by 1509.
1352
What is the remainder when 79857 is divided by 39376?
1105
Calculate the remainder when 3296089 is divided by 2046.
2029
Calculate the remainder when 9524748 is divided by 310.
308
Calculate the remainder when 194351 is divided by 3488.
2511
What is the remainder when 6074079 is divided by 867723?
18
What is the remainder when 61150 is divided by 815?
25
What is the remainder when 1250007 is divided by 113634?
33
What is the remainder when 30459 is divided by 15228?
3
What is the remainder when 1174825 is divided by 234960?
25
Calculate the remainder when 70473 is divided by 69400.
1073
What is the remainder when 2954959 is divided by 860?
859
What is the remainder when 22193746 is divided by 43347?
82
Calculate the remainder when 1879395 is divided by 97.
20
What is the remainder when 54641 is divided by 406?
237
What is the remainder when 10864880 is divided by 221732?
12
What is the remainder when 560137 is divided by 8?
1
What is the remainder when 1092647 is divided by 1013?
633
Calculate the remainder when 3018902 is divided by 13477.
54
Calculate the remainder when 10104 is divided by 9620.
484
What is the remainder when 1191384 is divided by 14183?
12
Calculate the remainder when 709247 is divided by 819.
812
Calculate the remainder when 142212872 is divided by 121.
120
What is the remainder when 173426 is divided by 182?
162
Calculate the remainder when 16373877 is divided by 3893.
3812
Calculate the remainder when 932561 is divided by 15041.
19
What is the remainder when 112961146 is divided by 849?
847
What is the remainder when 431272 is divided by 4493?
4437
Calculate the remainder when 3629156 is divided by 17876.
328
Calculate the remainder when 927632 is divided by 463803.
26
Calculate the remainder when 12911 is divided by 5053.
2805
What is the remainder when 1271171 is divided by 9143?
294
Calculate the remainder when 436387 is divided by 436188.
199
Calculate the remainder when 1563620 is divided by 746.
4
What is the remainder when 407715459 is divided by 244?
243
Calculate the remainder when 60341291 is divided by 3814.
3811
What is the remainder when 19629215 is divided by 108?
107
What is the remainder when 8726940 is divided by 949?
885
Calculate the remainder when 33665 is divided by 33188.
477
Calculate the remainder when 1300211 is divided by 32502